{"id":20,"date":"2018-10-16T10:38:42","date_gmt":"2018-10-16T10:38:42","guid":{"rendered":"http:\/\/wordpress.kanzlei-marschner.de\/?page_id=20"},"modified":"2018-10-17T05:46:05","modified_gmt":"2018-10-17T05:46:05","slug":"home","status":"publish","type":"page","link":"http:\/\/wordpress.kanzlei-marschner.de\/","title":{"rendered":"Home"},"content":{"rendered":"<div class=\"art-content-layout layout-item-0\">\n<div class=\"art-content-layout-row\">\n<div class=\"art-layout-cell layout-item-1\" style=\"width: 25%;\">\n<h3><span style=\"font-size: 16px;\">Existenzgr\u00fcndungsberatung<\/span><\/h3>\n<p><img loading=\"lazy\" decoding=\"async\" class=\"art-lightbox\" style=\"float: left; border-width: 0px; margin: 0px 10px 0px 0px;\" src=\"http:\/\/wordpress.kanzlei-marschner.de\/wp-content\/uploads\/2018\/10\/6b5c1c01-0f40-46bf-b6a5-743ffddc2b29.png\" alt=\"\" width=\"64\" height=\"64\"><\/p>\n<p><span style=\"font-family: Arial;\"><span style=\"font-size: 14px; font-weight: bold;\"><br>E<\/span><span style=\"font-size: 14px; font-weight: bold;\">rfolg von Anfang an!<\/span><\/span><\/p>\n<p style=\"text-align: left;\"><span style=\"font-family: Arial;\">Wir pr\u00fcfen Ihr Vorhaben auf Realisierbarkeit und legen gemeinsam mit Ihnen Ihre Unternehmensziele fest.<\/span><\/p>\n<p><a style=\"font-family: Arial;\" href=\"http:\/\/wordpress.kanzlei-marschner.de\/?page_id=22\">More&#8230;<\/a><\/p>\n<\/div>\n<div class=\"art-layout-cell layout-item-1\" style=\"width: 25%;\">\n<h3><span style=\"font-size: 16px;\">Finanz- &amp; Lohnbuchhaltung*<\/span><\/h3>\n<p><img loading=\"lazy\" decoding=\"async\" class=\"art-lightbox\" style=\"float: left; border-width: 0px; margin: 0px 10px 0px 0px;\" src=\"http:\/\/wordpress.kanzlei-marschner.de\/wp-content\/uploads\/2018\/10\/bee5ab06-f3c5-4b10-8b6f-2bf83460e181.png\" alt=\"\" width=\"64\" height=\"64\"><\/p>\n<p style=\"text-align: left;\"><span style=\"font-family: Arial;\"><span style=\"font-weight: bold;\">Wir buchen Ihre lfd. Gesch\u00e4ftsvorf\u00e4lle, erstellen Ihre lfd. Lohnabrechnungen (auch Baulohn)<\/span><\/span><\/p>\n<p style=\"text-align: left;\"><span style=\"font-family: Arial;\"> und \u00fcbermitteln Ihre Daten an die Finanzbeh\u00f6rde, Krankenkassen und Sozialkassen.<br><\/span><\/p>\n<p style=\"text-align: left;\"><span style=\"font-family: Tahoma;\">&nbsp;<\/span><\/p>\n<p><a style=\"font-family: Tahoma;\" href=\"http:\/\/wordpress.kanzlei-marschner.de\/?page_id=23\">More&#8230;<\/a><\/p>\n<\/div>\n<div class=\"art-layout-cell layout-item-1\" style=\"width: 25%;\">\n<h3><span style=\"font-size: 16px;\">Controlling<\/span><br>\n<\/h3>\n<p><img loading=\"lazy\" decoding=\"async\" class=\"art-lightbox\" style=\"float: left; border-width: 0px; margin: 0px 10px 0px 0px;\" src=\"http:\/\/wordpress.kanzlei-marschner.de\/wp-content\/uploads\/2018\/10\/ed79878b-17c5-4a9a-80b7-d3c06ed2949b.png\" alt=\"\" width=\"64\" height=\"64\"><\/p>\n<p><span style=\"font-weight: bold;\">Keine saubere Unternehmensf\u00fchrung ohne Controlling!<\/span><\/p>\n<p>Wir f\u00fchren ein auf Sie zugeschnittenes Controllingsystem ein mit leicht verst\u00e4ndlichen Reports<\/p>\n<p><a href=\"http:\/\/wordpress.kanzlei-marschner.de\/?page_id=24\">More&#8230;<\/a><\/p>\n<\/div>\n<div class=\"art-layout-cell layout-item-1\" style=\"width: 25%;\">\n<h3><span style=\"font-size: 16px;\">Unternehmensberatung<\/span><\/h3>\n<p><img loading=\"lazy\" decoding=\"async\" class=\"art-lightbox\" style=\"float: left; border-width: 0px; margin: 0px 10px 0px 0px;\" src=\"http:\/\/wordpress.kanzlei-marschner.de\/wp-content\/uploads\/2018\/10\/f1fb4c34-8204-47d4-b7ba-59eef1c6a8a0.png\" alt=\"\" width=\"64\" height=\"64\"><\/p>\n<p style=\"text-align: left;\"><span style=\"font-weight: bold;\">Wir helfen Ihnen bei der Optimierung Ihres Unternehmens<\/span> und beraten Sie zum Thema Kostenersparnis und Ressourcenschonung durch Outsourcing, sowie \u00fcber F\u00f6rdermittel.<\/p>\n<p style=\"text-align: left;\">Wir f\u00fchren Unternehmensbewertungen angelehnt an IDW S1 durch, oder erstellen mit Ihnen ein Sanierungskonzept oder eine Fortf\u00fchrungsprognose angelehnt an IDW S6.<\/p>\n<p><a href=\"http:\/\/wordpress.kanzlei-marschner.de\/?page_id=25\">More&#8230;<\/a><\/p>\n<\/div>\n<\/div>\n<\/div>\n\n\n<div class=\"wp-block-image\"><figure class=\"aligncenter\"><img loading=\"lazy\" decoding=\"async\" width=\"874\" height=\"300\" src=\"http:\/\/wordpress.kanzlei-marschner.de\/wp-content\/uploads\/2018\/10\/f2d7b.png\" alt=\"\" class=\"wp-image-15\" srcset=\"http:\/\/wordpress.kanzlei-marschner.de\/wp-content\/uploads\/2018\/10\/f2d7b.png 874w, http:\/\/wordpress.kanzlei-marschner.de\/wp-content\/uploads\/2018\/10\/f2d7b-300x103.png 300w, http:\/\/wordpress.kanzlei-marschner.de\/wp-content\/uploads\/2018\/10\/f2d7b-768x264.png 768w\" sizes=\"auto, (max-width: 874px) 100vw, 874px\" \/><\/figure><\/div>\n","protected":false},"excerpt":{"rendered":"<p>Existenzgr\u00fcndungsberatung Erfolg von Anfang an! Wir pr\u00fcfen Ihr Vorhaben auf Realisierbarkeit und legen gemeinsam mit Ihnen Ihre Unternehmensziele fest. More&#8230; Finanz- &amp; Lohnbuchhaltung* Wir buchen Ihre lfd. Gesch\u00e4ftsvorf\u00e4lle, erstellen Ihre lfd. Lohnabrechnungen (auch Baulohn) und \u00fcbermitteln Ihre Daten an die Finanzbeh\u00f6rde, Krankenkassen und Sozialkassen. &nbsp; More&#8230; Controlling Keine saubere Unternehmensf\u00fchrung ohne Controlling! Wir f\u00fchren ein [&hellip;]<\/p>\n","protected":false},"author":1,"featured_media":0,"parent":0,"menu_order":1,"comment_status":"closed","ping_status":"closed","template":"","meta":{"footnotes":""},"class_list":["post-20","page","type-page","status-publish","hentry"],"_links":{"self":[{"href":"http:\/\/wordpress.kanzlei-marschner.de\/index.php?rest_route=\/wp\/v2\/pages\/20","targetHints":{"allow":["GET"]}}],"collection":[{"href":"http:\/\/wordpress.kanzlei-marschner.de\/index.php?rest_route=\/wp\/v2\/pages"}],"about":[{"href":"http:\/\/wordpress.kanzlei-marschner.de\/index.php?rest_route=\/wp\/v2\/types\/page"}],"author":[{"embeddable":true,"href":"http:\/\/wordpress.kanzlei-marschner.de\/index.php?rest_route=\/wp\/v2\/users\/1"}],"replies":[{"embeddable":true,"href":"http:\/\/wordpress.kanzlei-marschner.de\/index.php?rest_route=%2Fwp%2Fv2%2Fcomments&post=20"}],"version-history":[{"count":21,"href":"http:\/\/wordpress.kanzlei-marschner.de\/index.php?rest_route=\/wp\/v2\/pages\/20\/revisions"}],"predecessor-version":[{"id":116,"href":"http:\/\/wordpress.kanzlei-marschner.de\/index.php?rest_route=\/wp\/v2\/pages\/20\/revisions\/116"}],"wp:attachment":[{"href":"http:\/\/wordpress.kanzlei-marschner.de\/index.php?rest_route=%2Fwp%2Fv2%2Fmedia&parent=20"}],"curies":[{"name":"wp","href":"https:\/\/api.w.org\/{rel}","templated":true}]}}