{"id":22,"date":"2018-10-16T10:38:44","date_gmt":"2018-10-16T10:38:44","guid":{"rendered":"http:\/\/wordpress.kanzlei-marschner.de\/?page_id=22"},"modified":"2018-10-17T05:09:45","modified_gmt":"2018-10-17T05:09:45","slug":"existenzgrundungsberatung","status":"publish","type":"page","link":"http:\/\/wordpress.kanzlei-marschner.de\/?page_id=22","title":{"rendered":"Existenzgr\u00fcndungsberatung"},"content":{"rendered":"<div class=\"art-content-layout-wrapper layout-item-0\">\n<div class=\"art-content-layout layout-item-1\">\n<div class=\"art-content-layout-row\">\n<div class=\"art-layout-cell layout-item-2\" style=\"width: 100%;\">\n<h3><\/h3>\n<h3>Existenzgr\u00fcndungsberatung<\/h3>\n<\/div>\n<\/div>\n<\/div>\n<\/div>\n<div class=\"art-content-layout-wrapper layout-item-0\">\n<div class=\"art-content-layout layout-item-3\">\n<div class=\"art-content-layout-row\">\n<div class=\"art-layout-cell layout-item-2\" style=\"width: 100%;\">\n<p class=\"MsoNormal\"><span lang=\"de\" style=\"font-weight: bold; font-family: Verdana; font-size: 12px;\">Erfolg von Anfang an:<\/span><\/p>\n<p class=\"MsoNormal\" style=\"text-align: justify;\"><span lang=\"de\" style=\"font-family: Verdana; font-size: 12px;\">Bereits vor Markteintritt gibt es f\u00fcr Existenzgr\u00fcnder viel zu tun. Folgende Kernfelder m\u00fcssen als Erfolgsfaktoren ber\u00fccksichtigt werden:<\/span><\/p>\n<p class=\"MsoNormal\" style=\"text-align: justify;\"><span style=\"font-family: Verdana; font-size: 12px;\">\u00a0<\/span><\/p>\n<p class=\"MsoNormal\" style=\"text-align: justify;\"><span lang=\"de\" style=\"font-weight: bold; font-family: Verdana; font-size: 12px;\">Finanzen-Produkte-Mitbewerber-Kunden<\/span><\/p>\n<p class=\"MsoNormal\" style=\"text-align: justify;\"><span style=\"font-family: Verdana; font-size: 12px;\">\u00a0<\/span><\/p>\n<p class=\"MsoNormal\" style=\"text-align: justify;\"><span lang=\"de\" style=\"font-weight: bold; font-family: Verdana; font-size: 12px;\">Das sollten Sie wissen:<\/span><\/p>\n<p class=\"MsoNormal\" style=\"text-align: justify;\"><span lang=\"de\" style=\"font-family: Verdana; font-size: 12px;\">Welche Leistung wollen Sie anbieten?<\/span><\/p>\n<p class=\"MsoNormal\" style=\"text-align: justify;\"><span lang=\"de\" style=\"font-family: Verdana; font-size: 12px;\">Welche Finanzmittel ben\u00f6tigen Sie?<\/span><\/p>\n<p class=\"MsoNormal\" style=\"text-align: justify;\"><span lang=\"de\" style=\"font-family: Verdana; font-size: 12px;\">Wie bauen Sie Ihren Gesch\u00e4ftsplan auf?<img loading=\"lazy\" decoding=\"async\" class=\"art-lightbox\" style=\"float: right;\" src=\"http:\/\/wordpress.kanzlei-marschner.de\/wp-content\/uploads\/2018\/10\/tmpE96C.png\" alt=\"\" width=\"289\" height=\"122\" \/><\/span><\/p>\n<p class=\"MsoNormal\" style=\"text-align: justify;\"><span lang=\"de\" style=\"font-family: Verdana; font-size: 12px;\">Stimmt die Kalkulation?<\/span><\/p>\n<p class=\"MsoNormal\" style=\"text-align: justify;\"><span lang=\"de\" style=\"font-family: Verdana; font-size: 12px;\">Wer sind Ihre Mitbewerber?<\/span><\/p>\n<p class=\"MsoNormal\" style=\"text-align: justify;\"><span lang=\"de\" style=\"font-family: Verdana; font-size: 12px;\">Wie treten Sie auf dem Markt auf?<\/span><\/p>\n<p class=\"MsoNormal\" style=\"text-align: justify;\"><span lang=\"de\" style=\"font-family: Verdana; font-size: 12px;\">Welche F\u00f6rdermittel gibt es f\u00fcr mich?<\/span><\/p>\n<p class=\"MsoNormal\" style=\"text-align: justify;\"><span style=\"font-family: Verdana; font-size: 12px;\">\u00a0<\/span><\/p>\n<p class=\"MsoNormal\" style=\"text-align: justify;\"><span lang=\"de\" style=\"font-weight: bold; font-family: Verdana; font-size: 12px;\">Dabei helfen wir Ihnen:<\/span><\/p>\n<p class=\"MsoNormal\" style=\"text-align: justify;\"><span lang=\"de\" style=\"font-family: Verdana; font-size: 12px;\">Wir pr\u00fcfen, ob Ihr Vorhaben realisierbar ist. Danach legen wir mit Ihnen gemeinsam das Unternehmensziel fest und beraten Sie, welche Form f\u00fcr Ihr Unternehmen aus betriebswirtschaftlicher\u00a0 Sicht rentabel w\u00e4re.<\/span><\/p>\n<p class=\"MsoNormal\" style=\"text-align: justify;\"><span style=\"font-family: Verdana; font-size: 12px;\">\u00a0<\/span><\/p>\n<p class=\"MsoNormal\" style=\"text-align: justify;\"><span lang=\"de\" style=\"font-weight: bold; font-family: Verdana; font-size: 12px;\">Businessplan:<\/span><\/p>\n<p class=\"MsoNormal\" style=\"text-align: justify;\"><span lang=\"de\" style=\"font-family: Verdana; font-size: 12px;\">Wir erstellen mit Ihnen den Gesch\u00e4ftsplan mit Finanz\u2013 und Liquidit\u00e4tsplanung unter Betrachtung von F\u00f6rderm\u00f6glichkeiten, errechnen die Lebenshaltungskosten und helfen bei der Organisation.<\/span><\/p>\n<p class=\"MsoNormal\" style=\"text-align: justify;\"><span style=\"font-family: Verdana; font-size: 12px;\">\u00a0<\/span><\/p>\n<p class=\"MsoNormal\" style=\"text-align: justify;\"><span lang=\"de\" style=\"font-family: Verdana; font-size: 12px;\">Wir haben uns auf die Unterst\u00fctzung von Existenzgr\u00fcndern spezialisiert. Dabei bieten wir individuelle Betreuung und aktuelles betriebswirtschaftliches Know-how.<\/span><\/p>\n<p class=\"MsoNormal\">\n<\/div>\n<\/div>\n<\/div>\n<\/div>\n","protected":false},"excerpt":{"rendered":"<p>Existenzgr\u00fcndungsberatung Erfolg von Anfang an: Bereits vor Markteintritt gibt es f\u00fcr Existenzgr\u00fcnder viel zu tun. Folgende Kernfelder m\u00fcssen als Erfolgsfaktoren ber\u00fccksichtigt werden: \u00a0 Finanzen-Produkte-Mitbewerber-Kunden \u00a0 Das sollten Sie wissen: Welche Leistung wollen Sie anbieten? Welche Finanzmittel ben\u00f6tigen Sie? Wie bauen Sie Ihren Gesch\u00e4ftsplan auf? Stimmt die Kalkulation? Wer sind Ihre Mitbewerber? Wie treten Sie auf [&hellip;]<\/p>\n","protected":false},"author":1,"featured_media":0,"parent":21,"menu_order":3,"comment_status":"closed","ping_status":"closed","template":"","meta":{"footnotes":""},"class_list":["post-22","page","type-page","status-publish","hentry"],"_links":{"self":[{"href":"http:\/\/wordpress.kanzlei-marschner.de\/index.php?rest_route=\/wp\/v2\/pages\/22","targetHints":{"allow":["GET"]}}],"collection":[{"href":"http:\/\/wordpress.kanzlei-marschner.de\/index.php?rest_route=\/wp\/v2\/pages"}],"about":[{"href":"http:\/\/wordpress.kanzlei-marschner.de\/index.php?rest_route=\/wp\/v2\/types\/page"}],"author":[{"embeddable":true,"href":"http:\/\/wordpress.kanzlei-marschner.de\/index.php?rest_route=\/wp\/v2\/users\/1"}],"replies":[{"embeddable":true,"href":"http:\/\/wordpress.kanzlei-marschner.de\/index.php?rest_route=%2Fwp%2Fv2%2Fcomments&post=22"}],"version-history":[{"count":2,"href":"http:\/\/wordpress.kanzlei-marschner.de\/index.php?rest_route=\/wp\/v2\/pages\/22\/revisions"}],"predecessor-version":[{"id":79,"href":"http:\/\/wordpress.kanzlei-marschner.de\/index.php?rest_route=\/wp\/v2\/pages\/22\/revisions\/79"}],"up":[{"embeddable":true,"href":"http:\/\/wordpress.kanzlei-marschner.de\/index.php?rest_route=\/wp\/v2\/pages\/21"}],"wp:attachment":[{"href":"http:\/\/wordpress.kanzlei-marschner.de\/index.php?rest_route=%2Fwp%2Fv2%2Fmedia&parent=22"}],"curies":[{"name":"wp","href":"https:\/\/api.w.org\/{rel}","templated":true}]}}