{"id":24,"date":"2018-10-16T10:38:46","date_gmt":"2018-10-16T10:38:46","guid":{"rendered":"http:\/\/wordpress.kanzlei-marschner.de\/?page_id=24"},"modified":"2018-10-17T05:20:25","modified_gmt":"2018-10-17T05:20:25","slug":"controlling","status":"publish","type":"page","link":"http:\/\/wordpress.kanzlei-marschner.de\/?page_id=24","title":{"rendered":"Conrolling"},"content":{"rendered":"<div class=\"art-content-layout-wrapper layout-item-0\">\n<div class=\"art-content-layout layout-item-1\">\n<div class=\"art-content-layout-row\">\n<div class=\"art-layout-cell layout-item-2\" style=\"width: 100%;\">\n<h3><\/h3>\n<h3>Controlling<\/h3>\n<\/div>\n<\/div>\n<\/div>\n<\/div>\n<div class=\"art-content-layout-wrapper layout-item-0\">\n<div class=\"art-content-layout layout-item-1\">\n<div class=\"art-content-layout-row\">\n<div class=\"art-layout-cell layout-item-2\" style=\"width: 100%;\">\n<p class=\"MsoNormal\"><span lang=\"de\" style=\"font-weight: bold; font-family: Verdana; font-size: 12px;\">Keine saubere Unternehmensf\u00fchrung ohne vern\u00fcnftiges Controlling!<\/span><\/p>\n<p class=\"MsoNormal\"><span style=\"font-family: Verdana; font-size: 12px;\">\u00a0<\/span><\/p>\n<p class=\"MsoNormal\"><span lang=\"de\" style=\"font-weight: bold; font-family: Verdana; font-size: 12px;\">Konzeption und Einf\u00fchrung<\/span><\/p>\n<p class=\"MsoNormal\"><span style=\"font-family: Verdana; font-size: 12px;\">\u00a0<\/span><\/p>\n<p class=\"MsoNormal\" style=\"margin-left: 28.3464pt; text-indent: -28.3464pt; margin-bottom: 4.6pt; text-align: justify;\"><span style=\"font-family: Verdana; font-size: 12px;\"><span style=\"unicode-bidi: embed; color: black;\">\u00a8<\/span>\u00a0<span lang=\"de\">Bestandsaufnahme &amp; Analyse Ihrer Datenbasis<\/span><\/span><\/p>\n<p class=\"MsoNormal\" style=\"margin-left: 28.3464pt; text-indent: -28.3464pt; margin-bottom: 4.6pt; text-align: justify;\"><span style=\"font-family: Verdana; font-size: 12px;\"><span style=\"unicode-bidi: embed; color: black;\">\u00a8<\/span>\u00a0<span lang=\"de\">Aufbau der integrierten Liquidit\u00e4ts\u2010 und\u00a0<\/span><\/span><span style=\"font-family: Verdana; font-size: 12px;\">Ergebnisplanung<\/span><\/p>\n<p class=\"MsoNormal\" style=\"margin-left: 28.3464pt; text-indent: -28.3464pt; margin-bottom: 4.6pt; text-align: justify;\"><span style=\"font-family: Verdana; font-size: 12px;\"><span style=\"unicode-bidi: embed; color: black;\">\u00a8<\/span>\u00a0<span lang=\"de\">Defintion von Reports &amp; Kennzahlen<\/span><\/span><\/p>\n<p class=\"MsoNormal\" style=\"margin-left: 28.3464pt; text-indent: -28.3464pt; text-align: justify;\"><span style=\"font-family: Verdana; font-size: 12px;\"><span style=\"unicode-bidi: embed; color: black;\">\u00a8<\/span>\u00a0<span lang=\"de\">Aufbau individueller Controllingstrukturen wie Vertriebs- oder Einkaufscontrolling<\/span><\/span><\/p>\n<p class=\"MsoNormal\"><span style=\"font-family: Verdana; font-size: 12px;\">\u00a0<\/span><\/p>\n<p class=\"MsoNormal\" style=\"text-align: justify;\"><span lang=\"de\" style=\"font-weight: bold; font-family: Verdana; font-size: 12px;\">Planung und Analyse<\/span><\/p>\n<p class=\"MsoNormal\" style=\"text-align: justify;\"><span style=\"font-family: Verdana; font-size: 12px;\">\u00a0<\/span><\/p>\n<p class=\"MsoNormal\" style=\"margin-left: 28.3464pt; text-indent: -28.3464pt; margin-bottom: 4.6pt; text-align: justify;\"><span style=\"font-family: Verdana; font-size: 12px;\"><span style=\"unicode-bidi: embed; color: black;\">\u00a8<\/span>\u00a0<span lang=\"de\">Liquidit\u00e4tsplanung und -steuerung<\/span><\/span><\/p>\n<p class=\"MsoNormal\" style=\"margin-left: 28.3464pt; text-indent: -28.3464pt; margin-bottom: 4.6pt; text-align: justify;\"><span style=\"font-family: Verdana; font-size: 12px;\"><span style=\"unicode-bidi: embed; color: black;\">\u00a8<\/span>\u00a0<span lang=\"de\">Kredit- und Investitionsplanung<\/span><\/span><\/p>\n<p class=\"MsoNormal\" style=\"margin-left: 28.3464pt; text-indent: -28.3464pt; margin-bottom: 4.6pt; text-align: justify;\"><span style=\"font-family: Verdana; font-size: 12px;\"><span style=\"unicode-bidi: embed; color: black;\">\u00a8<\/span>\u00a0<span lang=\"de\">Simulation von Szenarien<\/span><\/span><\/p>\n<p class=\"MsoNormal\" style=\"margin-left: 28.3464pt; text-indent: -28.3464pt; margin-bottom: 4.6pt; text-align: justify;\"><span style=\"font-family: Verdana; font-size: 12px;\"><span style=\"unicode-bidi: embed; color: black;\">\u00a8<\/span>\u00a0<span lang=\"de\">Monatliche Auswertungen:<\/span><\/span><\/p>\n<p class=\"MsoNormal\" style=\"margin-left: 28.3pt;\"><span lang=\"de\" style=\"font-family: Verdana; font-size: 12px;\">Reports, Abweichungsanalysen, grafische Auswertungen, ABC-Analysen, Break-Even-Analysen \u2026, Liquidit\u00e4tsplanung und Cash-Management, mehrstufige Deckungsbeitragsrechnungen, Kennzahlen und Kennzahlensysteme, regelm\u00e4\u00dfige Controlling Gespr\u00e4che, Begleitung bei Bankgespr\u00e4chen, Unternehmensplanung incl. Simulation von Szenarien, klassische Soll- \/ Ist-Vergleiche, Deckungsbeitragsrechnung, Aufbau der Kosten- und Leistungsrechnung, Ermittlung geeigneter Kostens\u00e4tze, Aufbau geeigneter Kalkulationssysteme, Kapitalflussrechnung, operative Planung (G+V, Bilanz, Liquidit\u00e4t), Investitionsrechnungen, Prozesskostenrechnung, Risikomanagement, Kredit- und Investitionsplanung<\/span><\/p>\n<p class=\"MsoNormal\" style=\"margin-left: 28.3pt;\"><span style=\"font-family: Verdana; font-size: 12px;\">\u00a0<\/span><\/p>\n<p class=\"MsoNormal\"><span lang=\"de\" style=\"font-weight: bold; font-family: Verdana; font-size: 12px;\">Kontinuierliche Verbesserung<\/span><\/p>\n<p class=\"MsoNormal\"><span style=\"font-family: Verdana; font-size: 12px;\">\u00a0<\/span><\/p>\n<p class=\"MsoNormal\" style=\"margin-left: 28.3464pt; text-indent: -28.3464pt; margin-bottom: 4.6pt; text-align: justify;\"><span style=\"font-family: Verdana; font-size: 12px;\"><span style=\"unicode-bidi: embed; color: black;\">\u00a8<\/span>\u00a0<span lang=\"de\">Regelm\u00e4\u00dfige Analysegespr\u00e4che inklusive Ma\u00dfnahmensteuerung<\/span><\/span><\/p>\n<p class=\"MsoNormal\" style=\"margin-left: 28.3464pt; text-indent: -28.3464pt; margin-bottom: 4.6pt; text-align: justify;\"><span style=\"font-family: Verdana; font-size: 12px;\"><span style=\"unicode-bidi: embed; color: black;\">\u00a8<\/span>\u00a0<span lang=\"de\">J\u00e4hrliche Forecast\u2010 \/ Jahresplanungsgespr\u00e4che<\/span><\/span><\/p>\n<p class=\"MsoNormal\" style=\"margin-left: 28.3464pt; text-indent: -28.3464pt; text-align: justify;\"><span style=\"font-family: Verdana; font-size: 12px;\"><span style=\"unicode-bidi: embed; color: black;\">\u00a8<\/span>\u00a0<span lang=\"de\">Vorbereitung und Begleitung zu Bankgespr\u00e4chen<\/span><\/span><\/p>\n<p class=\"MsoNormal\">\n<\/div>\n<\/div>\n<\/div>\n<\/div>\n","protected":false},"excerpt":{"rendered":"<p>Controlling Keine saubere Unternehmensf\u00fchrung ohne vern\u00fcnftiges Controlling! \u00a0 Konzeption und Einf\u00fchrung \u00a0 \u00a8\u00a0Bestandsaufnahme &amp; Analyse Ihrer Datenbasis \u00a8\u00a0Aufbau der integrierten Liquidit\u00e4ts\u2010 und\u00a0Ergebnisplanung \u00a8\u00a0Defintion von Reports &amp; Kennzahlen \u00a8\u00a0Aufbau individueller Controllingstrukturen wie Vertriebs- oder Einkaufscontrolling \u00a0 Planung und Analyse \u00a0 \u00a8\u00a0Liquidit\u00e4tsplanung und -steuerung \u00a8\u00a0Kredit- und Investitionsplanung \u00a8\u00a0Simulation von Szenarien \u00a8\u00a0Monatliche Auswertungen: Reports, Abweichungsanalysen, grafische Auswertungen, ABC-Analysen, [&hellip;]<\/p>\n","protected":false},"author":1,"featured_media":0,"parent":21,"menu_order":5,"comment_status":"closed","ping_status":"closed","template":"","meta":{"footnotes":""},"class_list":["post-24","page","type-page","status-publish","hentry"],"_links":{"self":[{"href":"http:\/\/wordpress.kanzlei-marschner.de\/index.php?rest_route=\/wp\/v2\/pages\/24","targetHints":{"allow":["GET"]}}],"collection":[{"href":"http:\/\/wordpress.kanzlei-marschner.de\/index.php?rest_route=\/wp\/v2\/pages"}],"about":[{"href":"http:\/\/wordpress.kanzlei-marschner.de\/index.php?rest_route=\/wp\/v2\/types\/page"}],"author":[{"embeddable":true,"href":"http:\/\/wordpress.kanzlei-marschner.de\/index.php?rest_route=\/wp\/v2\/users\/1"}],"replies":[{"embeddable":true,"href":"http:\/\/wordpress.kanzlei-marschner.de\/index.php?rest_route=%2Fwp%2Fv2%2Fcomments&post=24"}],"version-history":[{"count":3,"href":"http:\/\/wordpress.kanzlei-marschner.de\/index.php?rest_route=\/wp\/v2\/pages\/24\/revisions"}],"predecessor-version":[{"id":83,"href":"http:\/\/wordpress.kanzlei-marschner.de\/index.php?rest_route=\/wp\/v2\/pages\/24\/revisions\/83"}],"up":[{"embeddable":true,"href":"http:\/\/wordpress.kanzlei-marschner.de\/index.php?rest_route=\/wp\/v2\/pages\/21"}],"wp:attachment":[{"href":"http:\/\/wordpress.kanzlei-marschner.de\/index.php?rest_route=%2Fwp%2Fv2%2Fmedia&parent=24"}],"curies":[{"name":"wp","href":"https:\/\/api.w.org\/{rel}","templated":true}]}}